
-1
Suppose -20 = t + 3*w + 49, -182 = 2*t - 5*w. Let p = t - -145. Let a = -63 + p. Let q(j) = 16*j**2 - j + 1. Give q(a).
16
Let v = -192 - -200. Let z be v*(28/(-8) - -4). Let c(i) = -7*i + 2. Calculate c(z).
-26
Let n(f) = 85767*f + 31 + 85767*f - 171533*f. Determine n(-14).
17
Let t = -41 - -96. Let c = -171 + 179. Let i(u) = t*u + c - 7 - 54*u. Give i(-6).
-5
Let v(o) = 3*o + 10. Let n(m) = 13*m + 39. Let h(j) = 2*n(j) - 9*v(j). Let r(z) = 7*z**2 + 79*z + 22. Let d be r(-11). Calculate h(d).
-12
Let h(g) = 3*g - 3. Let a be 18/63 - (-228)/(-14). Let s be (-1 - 9)*6*12/a. Let p = s + -48. Determine h(p).
-12
Suppose 2*h + 2*g + 3*g = 35, -2*g = 2*h - 20. Suppose v = -h, -2*z = 3*z + 3*v + 85. Let o = z - -19. Let u(r) = r**2 - 5*r + 2. Give u(o).
2
Suppose 0 = 2*p + 5*f - 0 - 5, -p - 17 = -4*f. Let t(d) = 4289*d + 156. Let l(m) = -365*m - 13. Let k(o) = -47*l(o) - 4*t(o). Determine k(p).
-8
Let c(b) be the second derivative of b**4/12 - 13*b**3/6 + 3*b**2/2 + 1741*b - 2. Give c(13).
3
Let i(o) = 4*o + 4*o**2 + o**3 - 13482 + 6730 + 6756. Let r be 2*(0/(-2) + -2). What is i(r)?
-12
Let w(l) be the second derivative of -2*l**4/3 + 3*l**3/2 - 7*l**2 + 3*l + 32. Let p(u) = 19*u**2 - 17*u + 30. Let d(c) = 2*p(c) + 5*w(c). Determine d(7).
-31
Let v(b) be the first derivative of -b**3/3 - 21*b - 31569. Suppose -3*z - 2*z = 0. Give v(z).
-21
Let q(r) = r + 12. Let g = 46 - 6. Suppose 4*t = -0*t + g. Suppose -f + 10 = -4*c - 10, 2*c + 2*f + t = 0. Give q(c).
7
Let r(z) = -4*z + 3. Let q(a) = -8*a - 10. Let n be q(-11). Suppose 2*p + 5*y + 16 = 61, n = 3*p + 4*y. Let t be (p/50)/(2/20*-2). Determine r(t).
15
Let d(f) = -2*f**2 - 9*f - 5. Let y be d(-4). Let r(s) be the second derivative of -3/10*s**5 + 1/2*s**2 + 0 + 0*s**3 - 15*s + 0*s**4. Determine r(y).
7
Let r(y) = -1181*y**3 + 2*y**2 - 1350*y**3 + 3710*y**3 - 1189*y**3 + y. Let m(h) = -h**3 + h**2 - h - 1. Let t be m(0). Give r(t).
11
Let s(a) = -a**2 - 19*a - 32. Let c be s(-17). Let q(k) = -4 + k**c + 2 + 2. What is q(-4)?
16
Let y(v) = v**2 - v + 3. Let h(n) = 14*n**2 - 6*n + 20. Let a(g) = h(g) - 5*y(g). Determine a(3).
83
Let d(l) be the second derivative of -l**4/3 + 169*l**3/6 - 22*l**2 + 330*l - 12. Calculate d(42).
-2
Let j(y) be the third derivative of -y**6/120 - 3*y**5/20 - 7*y**4/12 + 2*y**3/3 + 14*y**2 - 27*y - 3. Determine j(-7).
4
Let v(h) = -h**2 + 46*h + 91. Let f be v(48). Let o(l) = -2*l**2 - 4*l - 8. What is o(f)?
-38
Let b(y) = 9*y**2 + 347 - 823 + 418 + 22*y**3 + 19*y - 24*y**3. Determine b(5).
12
Let o(i) = 2*i**2 - 19*i + 13. Let m(l) = l**2 + 4*l + 9. Let t be m(-4). Let j be o(t). Suppose 7*y = j*y. Let f(p) = p**3 + p**2 + p - 8. Calculate f(y).
-8
Let f(d) = d**2 - 10*d - 16. Let h(q) = 2*q + 3. Let p(y) = -f(y) - 2*h(y). What is p(8)?
-6
Let g(t) = 5*t**2 + 104*t - 193. Let v(y) = 6*y**2 + 126*y - 192. Let a(b) = 7*g(b) - 6*v(b). Give a(-14).
-3
Let j(x) = 6*x**3 - 10*x**2 + 10*x - 9. Let z(s) = 7*s**3 - 11*s**2 + 11*s - 10. Let w(f) = -6*j(f) + 5*z(f). Suppose 37 = 24*d - 35. Calculate w(d).
7
Let h(a) = -a**3 - 5*a**2 + 3*a - 5. Let j(i) = i**3 + 4*i**2 - 5*i + 5. Let t(p) = 4*h(p) + 3*j(p). Determine t(-8).
19
Let z be (-2)/(-2) + -1 + 0. Let r(c) = -4029370 - 2*c + 2*c + c**2 + 4029378. Calculate r(z).
8
Let t(x) = 2*x**2 - x - 1. Let f = -4134 - -4136. Give t(f).
5
Let f(h) = h**2 - h + 1. Let c(b) = -2*b**2 - 6*b + 3. Let q be 126/(-189)*((-3)/2)/(-1). Let z(a) = q*c(a) - 3*f(a). Let v = 90 - 84. Give z(v).
12
Suppose 5*j - 46 = 4*b - 157, -2*j - 51 = 5*b. Let l(t) = -16*t - 364. Calculate l(j).
4
Let c(t) = 4483 + t - 4442 + 0*t. Determine c(0).
41
Let w(m) = -m**3 - 10*m**2 - 4*m + 9. Let a(v) = v**2 - 394*v + 4203. Let l be a(11). Give w(l).
49
Suppose p - 2*f + 0*f = 24, -4*f - 138 = -5*p. Suppose 0 = 19*d - 9*d - p. Let s(z) be the third derivative of -z**5/30 + z**4/24 + 14*z**2. What is s(d)?
-15
Let b = 415 - 412. Suppose -2*u = 4*l + 28, b*l + 21 = -30*u + 33*u. Let t(n) = n**2 + 9*n. Calculate t(l).
-14
Suppose 5*s + 303*q = 298*q - 40, -3*q = 4*s + 23. Let y(c) be the first derivative of -2*c**3 + c**2 - 3*c - 2. Give y(s).
-7
Suppose -3*p + 13 - 7 = 0. Let m(z) = 2 + 31*z**2 + 5*z + 16*z**2 - 48*z**p - 5. What is m(3)?
3
Let i(m) = 3*m - 18. Let y be 0 + (-2)/2*-7. Suppose y*r - 9 = 33. Let d be i(r). Let t(f) = -f**2 - f + 4. Determine t(d).
4
Let p(b) = b**3 - 78*b**2 - 243*b - 1. Let i be p(81). Let l(z) = 8*z + 5. What is l(i)?
-3
Suppose -40 = -l - 5*k, 18*l - 18*l - 2*k = -16. Let m(y) be the first derivative of y**2/2 + 4*y - 2. Determine m(l).
4
Let u(d) = -4*d**2 + 23*d + 207. Let q(j) = -5*j**2 + 20*j + 208. Let y(x) = 5*q(x) - 6*u(x). Give y(-6).
-10
Let b be 12/(-8)*(9 - (-315)/(-27)). Let p(d) = 56*d - 235. Determine p(b).
-11
Suppose -4 = 4*n + 4*s, 5*s + 26 = 6. Let u(o) = 9*o + 2. What is u(n)?
29
Suppose -5*q = x - 40, -8*q + 13*q + 2*x = 35. Let z(d) = -d**3 + 6*d**2 + 29*d - 11. Calculate z(q).
7
Let s(f) = -3*f**2 - 30*f + 1. Let m(n) = n**2 + 5*n - 2. Let t(y) = -6*m(y) - s(y). What is t(3)?
-16
Let s(q) = -q**3 - q**2 + 11*q - 23. Let b(k) = -k**3 + 5*k. Let p(z) = -2*b(z) + s(z). Suppose 3*i = 6*i. Determine p(i).
-23
Let a(p) = -p + 535. Let u(z) = -2*z + 1159. Let i(f) = -13*a(f) + 6*u(f). Suppose -5*g + 3*n + 27 = -20, 3*g - 33 = 3*n. Calculate i(g).
6
Let z(x) = -x**2 + 11*x + 34. Suppose 70 = -0*m + 5*m. Let j be z(m). Let h(i) = -i**3 - 8*i**2 + 7. Give h(j).
7
Let p(q) be the third derivative of -q**6/120 - q**5/15 + 5*q**4/24 + 7*q**3/6 + q**2. Let r be (4/40*5)/(10/(-100)). Determine p(r).
7
Let m = -5 - -106. Let u = 106 - m. Let k(s) = -s**2 - 4*s + 6. Calculate k(u).
-39
Let d(w) = -w**2 + 2*w + 4. Let q(h) = -h**2 - 18*h + 15. Let l be q(-15). Let f = l - 29. Suppose -f*o + 15 = -26*o. What is d(o)?
1
Let f(s) be the third derivative of s**5/4 - 5*s**4/8 - 49*s**2. Let c(a) = -7*a**2 + 7*a. Let y(h) = 13*c(h) + 6*f(h). Calculate y(2).
-2
Suppose -5*v - 3*t - 44 + 238 = 0, 0 = -4*v - t + 158. Suppose -v = -3*l - 31. Let p(m) be the second derivative of -m**4/12 + m**3/6 + 3*m**2/2 - m. Give p(l).
-3
Let b(s) = -14*s**2 + 2. Suppose 64*n = -139 + 203. Determine b(n).
-12
Let w(j) = -25*j + 146. Let c = 1629 - 1623. What is w(c)?
-4
Let t = 10 + 24. Let l = t + -31. Suppose -5*y - l*g + 6 = -9, 0 = 5*y - 4*g - 15. Let s(v) = -v**2 - 2*v - 1. Determine s(y).
-16
Let o(p) = 2693*p - 8. Let u(g) = -302*g + 1. Let b(x) = 2*o(x) + 19*u(x). What is b(0)?
3
Suppose d + 59 = 66. Let t(b) = b**3 - 6*b**2 - 6*b - 10. Calculate t(d).
-3
Let r(i) = -33*i - 28*i - 28*i + 97*i - 3. Let m(q) = -16*q + 5. Suppose 0 = -0*g + 4*g - 12. Let n(o) = g*m(o) + 5*r(o). Determine n(1).
-8
Let l(y) = y**3 + 5*y**2 - y + 4. Let j = -19 - -59. Suppose -2*u + 196 = j. Let d = u + -83. Calculate l(d).
9
Suppose 4*a - 12 = 0, -3*m - a + 7*a = 6. Let k = 8 + -8. Let z(n) = 1 + 3*n**2 + 0*n**3 + 4*n + k*n**3 - 4 - n**3. Calculate z(m).
-3
Let h(s) = s**2 - 1. Let c(z) = -2*z**2 + 5*z - 3. Let l(k) = c(k) + 3*h(k). Let x be 3/2 + (-174)/(-4). Let j be x/6*(-6)/9. Calculate l(j).
-6
Let a(b) = 11*b - 189. Let j be a(17). Let x(w) = 2*w + 3. Let l(k) = k + 1. Let s(y) = j*x(y) + 5*l(y). What is s(-8)?
-9
Let w(l) be the third derivative of l**7/2520 - l**6/240 - l**5 + 24*l**2. Let a(p) be the third derivative of w(p). Calculate a(2).
1
Let m(n) = n**2 - 15*n + 48. Let a be m(4). Suppose -r = a*b + 9, -4*b + 2*r = -r + 21. Let j(x) = x**3 + 3*x**2 - 3*x + 3. What is j(b)?
12
Suppose f - 76 = 5*f. Let b = f - -27. Let j be ((-20)/b*(-6 + 2))/(-2). Let q(a) = -a**2 - 5*a + 5. Give q(j).
5
Let v be (-60)/27 - -4 - (-2)/9. Let w(y) = -8*y**2 + 2*y**v + 7*y + 5*y**2 + 7. What is w(10)?
-23
Let x be (1*-36)/(-3)*12/48. Let g be (-1 + x)*(-63)/(-18). Let m(f) = 7*f**2 - 8*f**2 + 6*f - g*f + 0*f. Calculate m(-2).
-2
Suppose -12*o + 43 = -17. Let r(b) = -3*b**2 - b - 1. Let l(x) = x**2 - 1. Let a(w) = 4*l(w) + r(w). What is a(o)?
15
Let j = 38312 + -38317. Let q(v) = v**2 + 10*v + 61. Give q(j).
36
Let i(d) = -d**3 - 16*d**2. Let a(m) = 21*m - 562. Let z be a(26). What is i(z)?
0
Let c(y) = -y**3 + 3*y**2 + 5*y - 3. Suppose 4*j = 17*w - 15*w + 12, 0 = -4*w - j + 21. What is c(w)?
1
Let j(h) = -34 - 36 - 35 - 45 + 151 - h. Suppose 62 = -5*g + 12. Determi